?
2, 89
Let r(l) be the first derivative of l**3/3 - l**2 - 27*l + 8. List the prime factors of r(-12).
3, 47
Let b = -1944 - -2940. What are the prime factors of b?
2, 3, 83
Suppose -2846*r = -2838*r - 2416. List the prime factors of r.
2, 151
Suppose -69066 = 162*z - 189*z. What are the prime factors of z?
2, 1279
Suppose -4*w + 908 = -w + 2*o, -w = -2*o - 300. List the prime factors of w.
2, 151
Let u(f) = f**2 - 11*f + 9. Let r be u(10). Let k(p) = -80*p + 2. What are the prime factors of k(r)?
2, 41
Let a(g) = 51*g + 6. Let m(p) = 3*p**2. Let v be m(1). List the prime factors of a(v).
3, 53
Let h(c) = -2*c**3 + 4*c**2 + 8*c + 12. List the prime factors of h(-4).
2, 43
Suppose 3*b - 2433 = -2*b + v, 3 = -v. What are the prime factors of b?
2, 3
Suppose 5*v - 2*s - 35 = 0, v = -3*v - 2*s + 28. Let r be -2 - v/(21/(-6)). Suppose -3*d = -d - 5*i - 63, r = -2*d + 4*i + 62. What are the prime factors of d?
29
Let o = -55 - -58. Suppose 0 = 4*q - o*q - 131. What are the prime factors of q?
131
Suppose x = -c + 372, 0 = 2*x + 5*c - 178 - 563. Suppose 4*w - x - 175 = 0. List the prime factors of w.
137
Let t be 11/(-2) + 1 + 20/40. Let u = t - -88. List the prime factors of u.
2, 3, 7
Suppose 28*b - 40*b + 5412 = 0. What are the prime factors of b?
11, 41
Let r be (5 - 9/18)/(2/4). Suppose -r*v + 5*v - 2*q + 346 = 0, -2*q = -6. List the prime factors of v.
5, 17
Let i(g) = 408*g + 216. List the prime factors of i(5).
2, 3, 47
Let m = -39 + 82. Let g = 217 - m. What are the prime factors of g?
2, 3, 29
Let i(z) = 3*z - 5. Let u be i(8). Let k = -14 + u. Suppose -2*q = -2, -k*n + n - q = -29. What are the prime factors of n?
7
Let b = -33 + 54. Let p(n) = -29*n - 1. Let c be p(-2). Suppose -3*d = -b - c. List the prime factors of d.
2, 13
Let o be 172/3*66/44. Suppose -l + 3*q = -o, -41 = 3*l + 4*q - 234. What are the prime factors of l?
71
Let q(o) = -1. Let j(b) = 4*b + 13. Let a(l) = j(l) + 4*q(l). What are the prime factors of a(4)?
5
Let t = -13 + 26. Let q = t - 9. Suppose 3*y = -q*w + 74, -5*w = 5*y - 94 - 36. What are the prime factors of y?
2, 3, 5
What are the prime factors of -4 - (-1713 - 32)/((-2)/(-4))?
2, 3, 7, 83
Suppose 5*z - 201 = 2*z - 3*h, -4*h = -4*z + 244. Let r = z + 32. Suppose 0 = q + 2*q - r. List the prime factors of q.
2
What are the prime factors of 336 - 2 - (4 - 6)?
2, 3, 7
Let j(i) be the second derivative of i**5/20 - i**4/12 - i**3/6 - 3*i**2/2 + i. Let u = -275 - -278. List the prime factors of j(u).
2, 3
Let j(u) = 16 - 2*u + 2*u - u - u**2. Let l be j(0). Suppose d = 2*d - l. List the prime factors of d.
2
Let v be 2/(-4) - (-219)/2. Suppose -5*i = 62 + 308. Let s = i + v. What are the prime factors of s?
5, 7
Let q(f) = 64*f + f**3 + 10*f**2 + 5 - 42*f - 34*f. Let c be 2/3 - (-35)/(-3). What are the prime factors of q(c)?
2
Suppose -69 = 3*n + 3*v, 2*n = -4*v + 5*v - 40. Let h = n - -143. Suppose 12 = -3*b, h - 25 = 3*m + 2*b. What are the prime factors of m?
5, 7
Suppose 0 = 3*q - 2*z + 110, 0 = -4*q + 3*z + 2 - 149. Let b = 35 - q. List the prime factors of b.
71
Let p(b) = -7*b + 704. List the prime factors of p(0).
2, 11
Suppose 0 = 5*j - 6*n + 4*n - 3325, 4*j = -3*n + 2660. List the prime factors of j.
5, 7, 19
Suppose -c = -3*z + 8, -c + 0 = -1. Suppose -2*j = 5*r - 15, -2*j - 12 = -z*j - r. List the prime factors of (20/(-25))/((-2)/j).
2, 3
Suppose -4*k = 1 + 23. Let f be 4/10 - k/(-15). Suppose f*i - 23 = -i. What are the prime factors of i?
23
Suppose -11 - 4 = -5*k. Suppose -4*b - 6 = -2*u - 0*u, k*b = -4*u - 10. What are the prime factors of (-1)/(u - 0) - -1?
2
Let t be ((105 - -5)/5)/(2/45). Suppose 0 = -4*k + 13*k - t. List the prime factors of k.
5, 11
Suppose 33480 = 98*j - 67*j. List the prime factors of j.
2, 3, 5
Let t(q) = q**2 - 10. Suppose 18 = 3*a + 4*x, 0*a - x = -a + 6. Let f be t(a). Suppose 4*p - f = 82. What are the prime factors of p?
3
Let m(q) = 4*q**2 - 6*q + 15. List the prime factors of m(11).
433
Let q(p) = p**2 + 6*p - 21. Let m be q(-7). Let u be 20/(3 + m/5). Suppose -5*k + u = -3*v, 4*k - 3*v - 33 - 50 = 0. List the prime factors of k.
17
Suppose -212 - 374 = -u. List the prime factors of u.
2, 293
Suppose -2*z - 3*z + 4*h = -22, 2*z - 5*h - 2 = 0. Suppose 3*g - z*g = -24. Suppose -g = -2*i + i. List the prime factors of i.
2
Let z(i) = -4*i + 336. What are the prime factors of z(0)?
2, 3, 7
Let b(r) = -r**3 - 5*r**2 + 6*r + 9. Let o be b(-6). Let v be 0 + 0 + o/3. Suppose k + k - 34 = 3*c, -58 = -v*k + c. List the prime factors of k.
2, 5
Suppose 6*d + 1242 - 8400 = 0. List the prime factors of d.
1193
Let q be -1*(-4)/(4/33). What are the prime factors of (5 + -3 + -1)*q?
3, 11
Let n(q) = -q - 2. Let c be n(-7). Let k(l) = 16*l + 5. What are the prime factors of k(c)?
5, 17
Suppose 4*j + 3*i = 1011, -9*j = -5*j + 4*i - 1012. List the prime factors of j.
2, 3, 7
Let u(x) = -x + 2. Let b be u(-3). Suppose -b*h + 189 = 2*w, 4*w = 5*h - h + 308. What are the prime factors of w?
2, 41
Suppose 1 = -y + 11. Let s(q) = -3 - 2 - y*q - q**2 + 3*q**2. What are the prime factors of s(6)?
7
Let y(j) = 4*j + 16. Let x be ((-1)/10 + 27/45)*18. What are the prime factors of y(x)?
2, 13
Suppose -4*m - 6*m = -4900. What are the prime factors of m?
2, 5, 7
Let f = 997 + -616. List the prime factors of f.
3, 127
Suppose x - 4 + 12 = 3*s, 5*s - 16 = x. Suppose 2 - x = r. Let n(k) = 12*k**2 - 2*k + 1. List the prime factors of n(r).
53
Let i be 0 + 0 + (3 - 3). Suppose i = q - 125 + 48. List the prime factors of q.
7, 11
Suppose -7 = -3*v - 1. Suppose 0 = 2*z + 4*m + 6, -v*m - 3*m = 25. Suppose -z*g = -12*g + 185. What are the prime factors of g?
37
Suppose 0 = f - 4*i - 1640, -113*f + 114*f = -2*i + 1628. What are the prime factors of f?
2, 3, 17
Let y = 121 + -33. Let j = -19 + y. What are the prime factors of j?
3, 23
Let x(n) = -n**3 + 12*n**2 + 7*n + 2. Suppose 4*q + 4*b = 56, -2*q + b + 26 = 2*b. List the prime factors of x(q).
2, 43
What are the prime factors of (-14 + 15)/(2/644)?
2, 7, 23
Let q be (-22)/(-33) - (-2 + (-2)/6). Suppose 201 = d + 2*d - q*u, u = 5*d - 343. List the prime factors of d.
3, 23
Suppose -18490 = -12*y + 7*y - 5*j, 0 = 2*y - 4*j - 7426. List the prime factors of y.
7, 23
Let g(k) = k**3 - 8*k**2 + 34*k + 17. What are the prime factors of g(8)?
17
Let f be (4/6)/(8/780). Let m be (-6 - -4) + -1 + f. Let n = -32 + m. List the prime factors of n.
2, 3, 5
Let j = -4079 + 6655. List the prime factors of j.
2, 7, 23
Let u(y) = 54*y - 149. List the prime factors of u(13).
7, 79
Let o(c) = -280*c**2 + 278*c**2 - 4*c + 2*c**3 + 16 + 3*c**3. What are the prime factors of o(4)?
2, 3
Let j(r) = r**2 + 5*r - 4. Let b be j(-6). Suppose 2*f = -2*u + 28, u + 3 = b*f - 10. Suppose -2*h - f + 39 = 0. List the prime factors of h.
3, 5
Let r(l) = 23*l + 1. Let c be r(1). Let v(q) = 10*q + 52. List the prime factors of v(c).
2, 73
Suppose 0 = -0*b + 2*b - 840. List the prime factors of b.
2, 3, 5, 7
List the prime factors of 16/136 + 33756/51.
2, 331
Suppose 13 = q - 5*f + f, f = -q - 2. Suppose -12*z + 1264 = 4*z. Suppose 4*n - z = q. List the prime factors of n.
2, 5
Let u(q) = -16*q - 4. Let s be u(-4). Let p be (84/(-56))/((-3)/8). Suppose -s = -9*c + p*c. List the prime factors of c.
2, 3
Suppose u = x - 2459, 6*u = -x + 4*u + 2456. What are the prime factors of x?
2, 1229
Let p = 41 + -37. Suppose -p*h = -117 - 563. List the prime factors of h.
2, 5, 17
Let s(l) be the first derivative of 43*l**4/4 + l**3/3 - l**2/2 - 6. List the prime factors of s(1).
43
Let l(q) = -2*q**3 - 9*q**2 + 10*q + 10. Let m(u) = 2*u - 21. Let k be m(7). List the prime factors of l(k).
5, 37
Let s = -6367 - -10914. List the prime factors of s.
4547
Suppose -5*o = -y + 1960, -53*o + 16 = -49*o. What are the prime factors of y?
2, 3, 5, 11
Let s(r) = r**2 - 14*r - 48. List the prime factors of s(24).
2, 3
Suppose 3*i - 9 = 3. Suppose 3*b - 357 = 4*c, 3*c - 218 = -2*b - c. Suppose a = -i*a + b. What are the prime factors of a?
23
Let t(d) = -2*d - 6. Let q(r) = r**2 - 9*r - 5. Let z be q(9). Let v be t(z). Let l = v + -2. List the prime factors of l.
2
List the prime factors of (((-15)/(-4))/1)/((-9)/(-660)).
5, 11
Let i = 38 + -35. Suppose 5*d - 103 = 3*f + 38, f = -i*d + 93. What are the prime 